{"id":6684,"date":"2025-05-28T16:36:07","date_gmt":"2025-05-28T14:36:07","guid":{"rendered":"https:\/\/lyonwhiskyclub.fr\/?page_id=6684"},"modified":"2025-05-28T16:40:44","modified_gmt":"2025-05-28T14:40:44","slug":"trouvez-la-bouteille-de-whisky","status":"publish","type":"page","link":"https:\/\/lyonwhiskyclub.fr\/index.php\/trouvez-la-bouteille-de-whisky\/","title":{"rendered":"Trouvez la bouteille de whisky"},"content":{"rendered":"<p style=\"text-align: center;\">Des <strong>morceaux d&rsquo;\u00e9tiquette<\/strong> ce sont cach\u00e9s dans ce Speakeasy, essayez de les retrouver et d\u00e9terminer de quelle bouteille il s&rsquo;agit !<\/p>\n<p style=\"text-align: center;\">Le plus rapide \u00e0 m&rsquo;envoyer le nom de cette bouteille gagnera.<\/p>\n<p style=\"text-align: center;\">\u00c0 vous de jouer !<\/p>\n<p>\u00a0<\/p>\n\n<div class=\"wp-block-image\">\n<figure class=\"aligncenter size-full\"><img decoding=\"async\" src=\"https:\/\/lyonwhiskyclub.fr\/wp-content\/uploads\/2025\/05\/lyon-whisky-club.png\" alt=\"\" class=\"wp-image-6687\"\/><\/figure>\n<\/div>","protected":false},"excerpt":{"rendered":"<p>Des morceaux d&rsquo;\u00e9tiquette ce sont cach\u00e9s dans ce Speakeasy, essayez de les retrouver et d\u00e9terminer de quelle bouteille il s&rsquo;agit ! Le plus rapide \u00e0 m&rsquo;envoyer le nom de cette bouteille gagnera. \u00c0 vous de jouer ! \u00a0<\/p>\n","protected":false},"author":1,"featured_media":0,"parent":0,"menu_order":0,"comment_status":"closed","ping_status":"closed","template":"","meta":{"footnotes":""},"class_list":["post-6684","page","type-page","status-publish","hentry"],"aioseo_notices":[],"_links":{"self":[{"href":"https:\/\/lyonwhiskyclub.fr\/index.php\/wp-json\/wp\/v2\/pages\/6684","targetHints":{"allow":["GET"]}}],"collection":[{"href":"https:\/\/lyonwhiskyclub.fr\/index.php\/wp-json\/wp\/v2\/pages"}],"about":[{"href":"https:\/\/lyonwhiskyclub.fr\/index.php\/wp-json\/wp\/v2\/types\/page"}],"author":[{"embeddable":true,"href":"https:\/\/lyonwhiskyclub.fr\/index.php\/wp-json\/wp\/v2\/users\/1"}],"replies":[{"embeddable":true,"href":"https:\/\/lyonwhiskyclub.fr\/index.php\/wp-json\/wp\/v2\/comments?post=6684"}],"version-history":[{"count":5,"href":"https:\/\/lyonwhiskyclub.fr\/index.php\/wp-json\/wp\/v2\/pages\/6684\/revisions"}],"predecessor-version":[{"id":6715,"href":"https:\/\/lyonwhiskyclub.fr\/index.php\/wp-json\/wp\/v2\/pages\/6684\/revisions\/6715"}],"wp:attachment":[{"href":"https:\/\/lyonwhiskyclub.fr\/index.php\/wp-json\/wp\/v2\/media?parent=6684"}],"curies":[{"name":"wp","href":"https:\/\/api.w.org\/{rel}","templated":true}]}}